{"id":1421,"date":"2022-01-13T17:11:16","date_gmt":"2022-01-13T17:11:16","guid":{"rendered":"https:\/\/legna.com.mx\/?post_type=product&#038;p=1421"},"modified":"2022-01-13T17:11:16","modified_gmt":"2022-01-13T17:11:16","slug":"jabonera-automatica-cartuchos-1200-ml-blanca","status":"publish","type":"product","link":"https:\/\/legna.com.mx\/index.php\/product\/jabonera-automatica-cartuchos-1200-ml-blanca\/","title":{"rendered":"Jabonera Autom\u00e1tica Cartuchos 1,200 ml., Blanca."},"content":{"rendered":"<p>Nuestra gran variedad de despachadores permite al usuario elegir la opci\u00f3n que le sea m\u00e1s favorable de acuerdo a sus necesidades y especificaciones, as\u00ed como al gusto y funcionalidad que este buscando lograra en cada uno de los lugares de trabajo.<\/p>\n","protected":false},"excerpt":{"rendered":"<p><strong>Marca<\/strong>: Kimberly-Clark\u00ae.<\/p>\n<p><strong>Estilo<\/strong>: Autom\u00e1tico.<\/p>\n<p><strong>Color<\/strong>: Blanco.<\/p>\n<p><strong>Tama\u00f1o:<\/strong> 12.4 x 12.4 x 29.2 cm.<\/p>\n<p><strong>Consumible<\/strong>:<\/p>\n<p>92508 Espuma Limpiadora Libre Enjuague Auto.<\/p>\n<p>&nbsp;<\/p>\n<ul>\n<li>Fabricada en pl\u00e1stico ABS de alto impacto.<\/li>\n<li>Dise\u00f1o ergon\u00f3mico.<\/li>\n<li>Usa 4 baterias tama\u00f1o C.<\/li>\n<\/ul>\n","protected":false},"featured_media":1422,"comment_status":"open","ping_status":"closed","template":"","meta":{"site-sidebar-layout":"default","site-content-layout":"default","ast-main-header-display":"","ast-hfb-above-header-display":"","ast-hfb-below-header-display":"","ast-hfb-mobile-header-display":"","site-post-title":"","ast-breadcrumbs-content":"","ast-featured-img":"","footer-sml-layout":"","theme-transparent-header-meta":"default","adv-header-id-meta":"","stick-header-meta":"default","header-above-stick-meta":"","header-main-stick-meta":"","header-below-stick-meta":""},"product_cat":[25],"product_tag":[],"class_list":["post-1421","product","type-product","status-publish","has-post-thumbnail","hentry","product_cat-jabonera","align-left","box-shadow-0","box-shadow-0-hover","ast-product-gallery-layout-horizontal","ast-product-gallery-with-no-image","ast-product-tabs-layout-horizontal"],"_links":{"self":[{"href":"https:\/\/legna.com.mx\/index.php\/wp-json\/wp\/v2\/product\/1421","targetHints":{"allow":["GET"]}}],"collection":[{"href":"https:\/\/legna.com.mx\/index.php\/wp-json\/wp\/v2\/product"}],"about":[{"href":"https:\/\/legna.com.mx\/index.php\/wp-json\/wp\/v2\/types\/product"}],"replies":[{"embeddable":true,"href":"https:\/\/legna.com.mx\/index.php\/wp-json\/wp\/v2\/comments?post=1421"}],"wp:featuredmedia":[{"embeddable":true,"href":"https:\/\/legna.com.mx\/index.php\/wp-json\/wp\/v2\/media\/1422"}],"wp:attachment":[{"href":"https:\/\/legna.com.mx\/index.php\/wp-json\/wp\/v2\/media?parent=1421"}],"wp:term":[{"taxonomy":"product_cat","embeddable":true,"href":"https:\/\/legna.com.mx\/index.php\/wp-json\/wp\/v2\/product_cat?post=1421"},{"taxonomy":"product_tag","embeddable":true,"href":"https:\/\/legna.com.mx\/index.php\/wp-json\/wp\/v2\/product_tag?post=1421"}],"curies":[{"name":"wp","href":"https:\/\/api.w.org\/{rel}","templated":true}]}}