{"id":1365,"date":"2021-10-14T00:05:57","date_gmt":"2021-10-14T00:05:57","guid":{"rendered":"https:\/\/legna.com.mx\/?post_type=product&#038;p=1365"},"modified":"2021-10-14T00:09:31","modified_gmt":"2021-10-14T00:09:31","slug":"toalla-en-rollo-para-manos-marli-economica","status":"publish","type":"product","link":"https:\/\/legna.com.mx\/index.php\/product\/toalla-en-rollo-para-manos-marli-economica\/","title":{"rendered":"Toalla en Rollo para manos Marli\u00ae Econ\u00f3mica."},"content":{"rendered":"<p>Elaboradas con tecnolog\u00eda convencional, son <strong>excelentes productos para secado de manos y tareas de limpieza sencilla.<\/strong> Son la opci\u00f3n m\u00e1s econ\u00f3mica del mercado, ya que est\u00e1n fabricadas con un porcentaje de fibras recicladas para ayudar a la sustentabilidad ambiental.<\/p>\n<p>&nbsp;<\/p>\n","protected":false},"excerpt":{"rendered":"<p><strong>Marca<\/strong>: Kimberly-Clark, Marli\u00ae.<\/p>\n<p><strong>Estilo:\u00a0<\/strong>Rollo.<\/p>\n<p><strong>Cantidad<\/strong>: 150 m., por rollo, 6 rollos por caja.<\/p>\n<p><strong>Color<\/strong>: Blanco<\/p>\n<ul>\n<li>Puede usarse en cualquier despachador del mercado.<\/li>\n<li>Alternativa m\u00e1s econ\u00f3mica.<\/li>\n<li>100% de fibras recicladas.<\/li>\n<li>Hoja sencilla.<\/li>\n<\/ul>\n","protected":false},"featured_media":1366,"comment_status":"open","ping_status":"closed","template":"","meta":{"site-sidebar-layout":"default","site-content-layout":"default","ast-main-header-display":"","ast-hfb-above-header-display":"","ast-hfb-below-header-display":"","ast-hfb-mobile-header-display":"","site-post-title":"","ast-breadcrumbs-content":"","ast-featured-img":"","footer-sml-layout":"","theme-transparent-header-meta":"default","adv-header-id-meta":"","stick-header-meta":"default","header-above-stick-meta":"","header-main-stick-meta":"","header-below-stick-meta":""},"product_cat":[27],"product_tag":[],"class_list":["post-1365","product","type-product","status-publish","has-post-thumbnail","hentry","product_cat-higienicos","align-left","box-shadow-0","box-shadow-0-hover","ast-product-gallery-layout-horizontal","ast-product-gallery-with-no-image","ast-product-tabs-layout-horizontal"],"_links":{"self":[{"href":"https:\/\/legna.com.mx\/index.php\/wp-json\/wp\/v2\/product\/1365","targetHints":{"allow":["GET"]}}],"collection":[{"href":"https:\/\/legna.com.mx\/index.php\/wp-json\/wp\/v2\/product"}],"about":[{"href":"https:\/\/legna.com.mx\/index.php\/wp-json\/wp\/v2\/types\/product"}],"replies":[{"embeddable":true,"href":"https:\/\/legna.com.mx\/index.php\/wp-json\/wp\/v2\/comments?post=1365"}],"wp:featuredmedia":[{"embeddable":true,"href":"https:\/\/legna.com.mx\/index.php\/wp-json\/wp\/v2\/media\/1366"}],"wp:attachment":[{"href":"https:\/\/legna.com.mx\/index.php\/wp-json\/wp\/v2\/media?parent=1365"}],"wp:term":[{"taxonomy":"product_cat","embeddable":true,"href":"https:\/\/legna.com.mx\/index.php\/wp-json\/wp\/v2\/product_cat?post=1365"},{"taxonomy":"product_tag","embeddable":true,"href":"https:\/\/legna.com.mx\/index.php\/wp-json\/wp\/v2\/product_tag?post=1365"}],"curies":[{"name":"wp","href":"https:\/\/api.w.org\/{rel}","templated":true}]}}