{"id":1357,"date":"2021-10-13T14:57:31","date_gmt":"2021-10-13T14:57:31","guid":{"rendered":"https:\/\/legna.com.mx\/?post_type=product&#038;p=1357"},"modified":"2021-10-13T14:57:31","modified_gmt":"2021-10-13T14:57:31","slug":"servilleta-marli-interdoblada-bolsa-despachador","status":"publish","type":"product","link":"https:\/\/legna.com.mx\/index.php\/product\/servilleta-marli-interdoblada-bolsa-despachador\/","title":{"rendered":"Servilleta Marli\u00ae Interdoblada Bolsa Despachador"},"content":{"rendered":"<p>La servilleta Marli\u00ae interdoblada es una servilleta muy pr\u00e1ctica para cualquier puesto de comida en la calle. Su <strong>pr\u00e1ctica presentaci\u00f3n en bolsa-despachador despacha una a una las servilletas<\/strong>, generando ahorro al reducir desperdicios. Su grabado la hace m\u00e1s absorbente y con m\u00e1s arrastre.<\/p>\n","protected":false},"excerpt":{"rendered":"<p><strong>Marca<\/strong>: Kimberly-Clark, Marli\u00ae.<\/p>\n<p><strong>Cantidad<\/strong>: 250 servilletas por paquete, 24 paquetes por caja.<\/p>\n<p><strong>Color<\/strong>: Blanco<\/p>\n<ul>\n<li>Ideal para puestos de comida en la calle.<\/li>\n<li>No requiere despachador.<\/li>\n<li>Sus bolsas pueden colgarse.<\/li>\n<\/ul>\n","protected":false},"featured_media":1358,"comment_status":"open","ping_status":"closed","template":"","meta":{"site-sidebar-layout":"default","site-content-layout":"default","ast-main-header-display":"","ast-hfb-above-header-display":"","ast-hfb-below-header-display":"","ast-hfb-mobile-header-display":"","site-post-title":"","ast-breadcrumbs-content":"","ast-featured-img":"","footer-sml-layout":"","theme-transparent-header-meta":"default","adv-header-id-meta":"","stick-header-meta":"default","header-above-stick-meta":"","header-main-stick-meta":"","header-below-stick-meta":""},"product_cat":[27],"product_tag":[],"class_list":["post-1357","product","type-product","status-publish","has-post-thumbnail","hentry","product_cat-higienicos","align-left","box-shadow-0","box-shadow-0-hover","ast-product-gallery-layout-horizontal","ast-product-gallery-with-no-image","ast-product-tabs-layout-horizontal"],"_links":{"self":[{"href":"https:\/\/legna.com.mx\/index.php\/wp-json\/wp\/v2\/product\/1357","targetHints":{"allow":["GET"]}}],"collection":[{"href":"https:\/\/legna.com.mx\/index.php\/wp-json\/wp\/v2\/product"}],"about":[{"href":"https:\/\/legna.com.mx\/index.php\/wp-json\/wp\/v2\/types\/product"}],"replies":[{"embeddable":true,"href":"https:\/\/legna.com.mx\/index.php\/wp-json\/wp\/v2\/comments?post=1357"}],"wp:featuredmedia":[{"embeddable":true,"href":"https:\/\/legna.com.mx\/index.php\/wp-json\/wp\/v2\/media\/1358"}],"wp:attachment":[{"href":"https:\/\/legna.com.mx\/index.php\/wp-json\/wp\/v2\/media?parent=1357"}],"wp:term":[{"taxonomy":"product_cat","embeddable":true,"href":"https:\/\/legna.com.mx\/index.php\/wp-json\/wp\/v2\/product_cat?post=1357"},{"taxonomy":"product_tag","embeddable":true,"href":"https:\/\/legna.com.mx\/index.php\/wp-json\/wp\/v2\/product_tag?post=1357"}],"curies":[{"name":"wp","href":"https:\/\/api.w.org\/{rel}","templated":true}]}}