{"id":1323,"date":"2021-10-05T16:59:32","date_gmt":"2021-10-05T16:59:32","guid":{"rendered":"https:\/\/legna.com.mx\/?post_type=product&#038;p=1323"},"modified":"2021-10-05T16:59:32","modified_gmt":"2021-10-05T16:59:32","slug":"servilleta-barra-mesa-petalo-jr","status":"publish","type":"product","link":"https:\/\/legna.com.mx\/index.php\/product\/servilleta-barra-mesa-petalo-jr\/","title":{"rendered":"Servilleta Barra Mesa P\u00e9talo\u00ae Jr."},"content":{"rendered":"<p>Las servilletas P\u00e9talo\u00ae contienen un porcentaje de<strong> fibras recicladas de celulosa,<\/strong> lo que contribuye a lograr ese balance costo-beneficio que busca cada cliente. Su grabado mejora la suavidad y absorci\u00f3n, adem\u00e1s su tama\u00f1o compacto es ideal para mesas peque\u00f1as como de bares, restaurantes y oficinas.<\/p>\n","protected":false},"excerpt":{"rendered":"<p><strong>Marca<\/strong>: Kimberly-Clark, P\u00e9talo\u00ae.<\/p>\n<p><strong>Cantidad<\/strong>: 250 servilletas por paquete, 24 paquetes por caja.<\/p>\n<p><strong>Color<\/strong>: Blanco<\/p>\n<p>\u2022 Ideal para mesas peque\u00f1as o bares.<\/p>\n<p>\u2022 75% de fibras recicladas.<\/p>\n<p>\u2022 Su grabado mejora la suavidad y el arrastre.<\/p>\n","protected":false},"featured_media":1325,"comment_status":"open","ping_status":"closed","template":"","meta":{"site-sidebar-layout":"default","site-content-layout":"default","ast-main-header-display":"","ast-hfb-above-header-display":"","ast-hfb-below-header-display":"","ast-hfb-mobile-header-display":"","site-post-title":"","ast-breadcrumbs-content":"","ast-featured-img":"","footer-sml-layout":"","theme-transparent-header-meta":"default","adv-header-id-meta":"","stick-header-meta":"default","header-above-stick-meta":"","header-main-stick-meta":"","header-below-stick-meta":""},"product_cat":[27],"product_tag":[],"class_list":["post-1323","product","type-product","status-publish","has-post-thumbnail","hentry","product_cat-higienicos","align-left","box-shadow-0","box-shadow-0-hover","ast-product-gallery-layout-horizontal","ast-product-gallery-with-no-image","ast-product-tabs-layout-horizontal"],"_links":{"self":[{"href":"https:\/\/legna.com.mx\/index.php\/wp-json\/wp\/v2\/product\/1323","targetHints":{"allow":["GET"]}}],"collection":[{"href":"https:\/\/legna.com.mx\/index.php\/wp-json\/wp\/v2\/product"}],"about":[{"href":"https:\/\/legna.com.mx\/index.php\/wp-json\/wp\/v2\/types\/product"}],"replies":[{"embeddable":true,"href":"https:\/\/legna.com.mx\/index.php\/wp-json\/wp\/v2\/comments?post=1323"}],"wp:featuredmedia":[{"embeddable":true,"href":"https:\/\/legna.com.mx\/index.php\/wp-json\/wp\/v2\/media\/1325"}],"wp:attachment":[{"href":"https:\/\/legna.com.mx\/index.php\/wp-json\/wp\/v2\/media?parent=1323"}],"wp:term":[{"taxonomy":"product_cat","embeddable":true,"href":"https:\/\/legna.com.mx\/index.php\/wp-json\/wp\/v2\/product_cat?post=1323"},{"taxonomy":"product_tag","embeddable":true,"href":"https:\/\/legna.com.mx\/index.php\/wp-json\/wp\/v2\/product_tag?post=1323"}],"curies":[{"name":"wp","href":"https:\/\/api.w.org\/{rel}","templated":true}]}}

Servilleta Barra Mesa Pétalo® Jr.

<p>Las servilletas Pétalo® contienen un porcentaje de<strong> fibras recicladas de celulosa,</strong> lo que contribuye a lograr ese balance costo-beneficio que busca cada cliente. Su grabado mejora la suavidad y absorción, además su tamaño compacto es ideal para mesas pequeñas como de bares, restaurantes y oficinas.</p>

<p><strong>Marca</strong>: Kimberly-Clark, Pétalo®.</p>
<p><strong>Cantidad</strong>: 250 servilletas por paquete, 24 paquetes por caja.</p>
<p><strong>Color</strong>: Blanco</p>
<p>• Ideal para mesas pequeñas o bares.</p>
<p>• 75% de fibras recicladas.</p>
<p>• Su grabado mejora la suavidad y el arrastre.</p>
