{"id":1254,"date":"2021-09-13T16:29:44","date_gmt":"2021-09-13T16:29:44","guid":{"rendered":"https:\/\/legna.com.mx\/?post_type=product&#038;p=1254"},"modified":"2021-09-13T16:34:07","modified_gmt":"2021-09-13T16:34:07","slug":"tork-universal-higienico-en-bobina-400m-2","status":"publish","type":"product","link":"https:\/\/legna.com.mx\/index.php\/product\/tork-universal-higienico-en-bobina-400m-2\/","title":{"rendered":"TORK Universal Higi\u00e9nico en Bobina, 400m."},"content":{"rendered":"<p>Los higi\u00e9nicos en bobina est\u00e1ndar de <strong>hoja doble<\/strong> cuentan con <strong>gofrado<\/strong> que <strong>aumenta el grosor y la suavidad<\/strong> del papel. Sus empaques y dimensiones eficientes facilitan la manera en el que el producto es transportado y almacenado contribuyendo a reducir sus gastos. El papel higi\u00e9nico se <strong>descompone r\u00e1pidamente,<\/strong> evitando atascos en los sistemas de drenaje.<\/p>\n<p>&nbsp;<\/p>\n","protected":false},"excerpt":{"rendered":"<p><strong>Marca<\/strong>: TORK<\/p>\n<p><strong>Estilo<\/strong>: Rollo, 400 m.<\/p>\n<p><strong>Color<\/strong>: Blanco<\/p>\n<p>&nbsp;<\/p>\n","protected":false},"featured_media":1257,"comment_status":"open","ping_status":"closed","template":"","meta":{"site-sidebar-layout":"default","site-content-layout":"default","ast-main-header-display":"","ast-hfb-above-header-display":"","ast-hfb-below-header-display":"","ast-hfb-mobile-header-display":"","site-post-title":"","ast-breadcrumbs-content":"","ast-featured-img":"","footer-sml-layout":"","theme-transparent-header-meta":"default","adv-header-id-meta":"","stick-header-meta":"default","header-above-stick-meta":"","header-main-stick-meta":"","header-below-stick-meta":""},"product_cat":[27],"product_tag":[],"class_list":["post-1254","product","type-product","status-publish","has-post-thumbnail","hentry","product_cat-higienicos","align-left","box-shadow-0","box-shadow-0-hover","ast-product-gallery-layout-horizontal","ast-product-gallery-with-no-image","ast-product-tabs-layout-horizontal"],"_links":{"self":[{"href":"https:\/\/legna.com.mx\/index.php\/wp-json\/wp\/v2\/product\/1254","targetHints":{"allow":["GET"]}}],"collection":[{"href":"https:\/\/legna.com.mx\/index.php\/wp-json\/wp\/v2\/product"}],"about":[{"href":"https:\/\/legna.com.mx\/index.php\/wp-json\/wp\/v2\/types\/product"}],"replies":[{"embeddable":true,"href":"https:\/\/legna.com.mx\/index.php\/wp-json\/wp\/v2\/comments?post=1254"}],"wp:featuredmedia":[{"embeddable":true,"href":"https:\/\/legna.com.mx\/index.php\/wp-json\/wp\/v2\/media\/1257"}],"wp:attachment":[{"href":"https:\/\/legna.com.mx\/index.php\/wp-json\/wp\/v2\/media?parent=1254"}],"wp:term":[{"taxonomy":"product_cat","embeddable":true,"href":"https:\/\/legna.com.mx\/index.php\/wp-json\/wp\/v2\/product_cat?post=1254"},{"taxonomy":"product_tag","embeddable":true,"href":"https:\/\/legna.com.mx\/index.php\/wp-json\/wp\/v2\/product_tag?post=1254"}],"curies":[{"name":"wp","href":"https:\/\/api.w.org\/{rel}","templated":true}]}}