{"id":1176,"date":"2021-09-02T21:33:03","date_gmt":"2021-09-02T21:33:03","guid":{"rendered":"https:\/\/legna.com.mx\/?post_type=product&#038;p=1176"},"modified":"2021-09-02T21:33:03","modified_gmt":"2021-09-02T21:33:03","slug":"tork-universal-higienico-en-bobina-180m","status":"publish","type":"product","link":"https:\/\/legna.com.mx\/index.php\/product\/tork-universal-higienico-en-bobina-180m\/","title":{"rendered":"TORK Universal Higi\u00e9nico en Bobina, 180m."},"content":{"rendered":"<p>El higi\u00e9nico en bobina est\u00e1ndar de<strong> hoja doble y mayor suavidad<\/strong> est\u00e1 dise\u00f1ado para cubrir las necesidades b\u00e1sicas de higiene en ba\u00f1os esenciales. <strong>Su empaque y tama\u00f1o<\/strong> ideal facilita la manera en el que el producto es transportado y almacenado<strong> contribuyendo a reducir sus gastos.<\/strong><\/p>\n","protected":false},"excerpt":{"rendered":"<p><strong>Marca<\/strong>: TORK<\/p>\n<p><strong>Estilo<\/strong>: Rollo.<\/p>\n<p><strong>Color<\/strong>: Blanco<\/p>\n<p><strong>C\u00f3digo compatible<\/strong>:<\/p>\n<p>555000 TORK Despachador Higi\u00e9nico en Bobina Mini, Blanco.<\/p>\n<p>555008 TORK Despachador Higi\u00e9nico en Bobina Mini, Negro.<\/p>\n","protected":false},"featured_media":1177,"comment_status":"open","ping_status":"closed","template":"","meta":{"site-sidebar-layout":"default","site-content-layout":"default","ast-main-header-display":"","ast-hfb-above-header-display":"","ast-hfb-below-header-display":"","ast-hfb-mobile-header-display":"","site-post-title":"","ast-breadcrumbs-content":"","ast-featured-img":"","footer-sml-layout":"","theme-transparent-header-meta":"default","adv-header-id-meta":"","stick-header-meta":"default","header-above-stick-meta":"","header-main-stick-meta":"","header-below-stick-meta":""},"product_cat":[27],"product_tag":[],"class_list":["post-1176","product","type-product","status-publish","has-post-thumbnail","hentry","product_cat-higienicos","align-left","box-shadow-0","box-shadow-0-hover","ast-product-gallery-layout-horizontal","ast-product-gallery-with-no-image","ast-product-tabs-layout-horizontal"],"_links":{"self":[{"href":"https:\/\/legna.com.mx\/index.php\/wp-json\/wp\/v2\/product\/1176","targetHints":{"allow":["GET"]}}],"collection":[{"href":"https:\/\/legna.com.mx\/index.php\/wp-json\/wp\/v2\/product"}],"about":[{"href":"https:\/\/legna.com.mx\/index.php\/wp-json\/wp\/v2\/types\/product"}],"replies":[{"embeddable":true,"href":"https:\/\/legna.com.mx\/index.php\/wp-json\/wp\/v2\/comments?post=1176"}],"wp:featuredmedia":[{"embeddable":true,"href":"https:\/\/legna.com.mx\/index.php\/wp-json\/wp\/v2\/media\/1177"}],"wp:attachment":[{"href":"https:\/\/legna.com.mx\/index.php\/wp-json\/wp\/v2\/media?parent=1176"}],"wp:term":[{"taxonomy":"product_cat","embeddable":true,"href":"https:\/\/legna.com.mx\/index.php\/wp-json\/wp\/v2\/product_cat?post=1176"},{"taxonomy":"product_tag","embeddable":true,"href":"https:\/\/legna.com.mx\/index.php\/wp-json\/wp\/v2\/product_tag?post=1176"}],"curies":[{"name":"wp","href":"https:\/\/api.w.org\/{rel}","templated":true}]}}