{"id":1094,"date":"2021-08-30T16:07:58","date_gmt":"2021-08-30T16:07:58","guid":{"rendered":"https:\/\/legna.com.mx\/?post_type=product&#038;p=1094"},"modified":"2021-08-30T16:07:59","modified_gmt":"2021-08-30T16:07:59","slug":"despachador-toalla-en-rollo-matic-negro","status":"publish","type":"product","link":"https:\/\/legna.com.mx\/index.php\/product\/despachador-toalla-en-rollo-matic-negro\/","title":{"rendered":"Despachador Toalla en Rollo Matic Negro"},"content":{"rendered":"<table width=\"454\">\n<tbody>\n<tr>\n<td width=\"454\">El Dispensador de toallas de mano en rollo Tork Matic\u00ae\u00a0 ofrece mantenimiento f\u00e1cil para que los ba\u00f1os ocupados sigan funcionando y reduce el consumo con la dispensaci\u00f3n de toallas individuales. Los dispensadores de la l\u00ednea Tork Elevation tienen un dise\u00f1o moderno que causar\u00e1 buena impresi\u00f3n en sus clientes. Higi\u00e9nico porque los usuarios solo tocan la toalla que utilizan. Rendimiento fiable y mantenimiento intuitivo que proporciona tranquilidad.<\/td>\n<\/tr>\n<\/tbody>\n<\/table>\n","protected":false},"excerpt":{"rendered":"<p><strong>Marca<\/strong>: TORK<\/p>\n<p><strong>Estilo<\/strong>: Autom\u00e1tico, sensor.<\/p>\n<p><strong>Color<\/strong>: Negro<\/p>\n<p><strong>Consumible<\/strong>:<\/p>\n<p>700173 TORK Advance Toalla en Rollo 6s 180m, hoja doble.<\/p>\n<p>700166 TORK Advance Toalla en Rollo 6s 180m, hoja sencilla.<\/p>\n<p>&nbsp;<\/p>\n","protected":false},"featured_media":1095,"comment_status":"open","ping_status":"closed","template":"","meta":{"site-sidebar-layout":"default","site-content-layout":"default","ast-main-header-display":"","ast-hfb-above-header-display":"","ast-hfb-below-header-display":"","ast-hfb-mobile-header-display":"","site-post-title":"","ast-breadcrumbs-content":"","ast-featured-img":"","footer-sml-layout":"","theme-transparent-header-meta":"default","adv-header-id-meta":"","stick-header-meta":"default","header-above-stick-meta":"","header-main-stick-meta":"","header-below-stick-meta":""},"product_cat":[25],"product_tag":[],"class_list":["post-1094","product","type-product","status-publish","has-post-thumbnail","hentry","product_cat-jabonera","align-left","box-shadow-0","box-shadow-0-hover","ast-product-gallery-layout-horizontal","ast-product-gallery-with-no-image","ast-product-tabs-layout-horizontal"],"_links":{"self":[{"href":"https:\/\/legna.com.mx\/index.php\/wp-json\/wp\/v2\/product\/1094","targetHints":{"allow":["GET"]}}],"collection":[{"href":"https:\/\/legna.com.mx\/index.php\/wp-json\/wp\/v2\/product"}],"about":[{"href":"https:\/\/legna.com.mx\/index.php\/wp-json\/wp\/v2\/types\/product"}],"replies":[{"embeddable":true,"href":"https:\/\/legna.com.mx\/index.php\/wp-json\/wp\/v2\/comments?post=1094"}],"wp:featuredmedia":[{"embeddable":true,"href":"https:\/\/legna.com.mx\/index.php\/wp-json\/wp\/v2\/media\/1095"}],"wp:attachment":[{"href":"https:\/\/legna.com.mx\/index.php\/wp-json\/wp\/v2\/media?parent=1094"}],"wp:term":[{"taxonomy":"product_cat","embeddable":true,"href":"https:\/\/legna.com.mx\/index.php\/wp-json\/wp\/v2\/product_cat?post=1094"},{"taxonomy":"product_tag","embeddable":true,"href":"https:\/\/legna.com.mx\/index.php\/wp-json\/wp\/v2\/product_tag?post=1094"}],"curies":[{"name":"wp","href":"https:\/\/api.w.org\/{rel}","templated":true}]}}