{"id":1088,"date":"2021-08-20T23:36:14","date_gmt":"2021-08-20T23:36:14","guid":{"rendered":"https:\/\/legna.com.mx\/?post_type=product&#038;p=1088"},"modified":"2021-08-20T23:36:14","modified_gmt":"2021-08-20T23:36:14","slug":"despachador-smartone-mini-negro","status":"publish","type":"product","link":"https:\/\/legna.com.mx\/index.php\/product\/despachador-smartone-mini-negro\/","title":{"rendered":"Despachador SmartOne\u00ae Mini negro."},"content":{"rendered":"<table width=\"454\">\n<tbody>\n<tr>\n<td width=\"454\">El dispensador de higi\u00e9nico de fluido c\u00e9ntrico Tork SmartOne Mini de la l\u00ednea Elevation de <strong>dispensado hoja por hoja es el sistema patentado m\u00e1s eficiente para ba\u00f1os de mediano tr\u00e1fico.<\/strong> Compatible con rollos Smart One Mini (Capacidad 620 hojas).<\/td>\n<\/tr>\n<\/tbody>\n<\/table>\n","protected":false},"excerpt":{"rendered":"<p><strong>Marca<\/strong>: TORK<\/p>\n<p><strong>Estilo<\/strong>: Mini, fluido c\u00e9ntrico.<\/p>\n<p><strong>Color<\/strong>: Negro<\/p>\n<p><strong>Consumible: <\/strong>702476 TORK SmartOne Mini TR Adv 2p 620s.<\/p>\n","protected":false},"featured_media":1089,"comment_status":"open","ping_status":"closed","template":"","meta":{"site-sidebar-layout":"default","site-content-layout":"default","ast-main-header-display":"","ast-hfb-above-header-display":"","ast-hfb-below-header-display":"","ast-hfb-mobile-header-display":"","site-post-title":"","ast-breadcrumbs-content":"","ast-featured-img":"","footer-sml-layout":"","theme-transparent-header-meta":"default","adv-header-id-meta":"","stick-header-meta":"default","header-above-stick-meta":"","header-main-stick-meta":"","header-below-stick-meta":""},"product_cat":[25],"product_tag":[],"class_list":["post-1088","product","type-product","status-publish","has-post-thumbnail","hentry","product_cat-jabonera","align-left","box-shadow-0","box-shadow-0-hover","ast-product-gallery-layout-horizontal","ast-product-gallery-with-no-image","ast-product-tabs-layout-horizontal"],"_links":{"self":[{"href":"https:\/\/legna.com.mx\/index.php\/wp-json\/wp\/v2\/product\/1088","targetHints":{"allow":["GET"]}}],"collection":[{"href":"https:\/\/legna.com.mx\/index.php\/wp-json\/wp\/v2\/product"}],"about":[{"href":"https:\/\/legna.com.mx\/index.php\/wp-json\/wp\/v2\/types\/product"}],"replies":[{"embeddable":true,"href":"https:\/\/legna.com.mx\/index.php\/wp-json\/wp\/v2\/comments?post=1088"}],"wp:featuredmedia":[{"embeddable":true,"href":"https:\/\/legna.com.mx\/index.php\/wp-json\/wp\/v2\/media\/1089"}],"wp:attachment":[{"href":"https:\/\/legna.com.mx\/index.php\/wp-json\/wp\/v2\/media?parent=1088"}],"wp:term":[{"taxonomy":"product_cat","embeddable":true,"href":"https:\/\/legna.com.mx\/index.php\/wp-json\/wp\/v2\/product_cat?post=1088"},{"taxonomy":"product_tag","embeddable":true,"href":"https:\/\/legna.com.mx\/index.php\/wp-json\/wp\/v2\/product_tag?post=1088"}],"curies":[{"name":"wp","href":"https:\/\/api.w.org\/{rel}","templated":true}]}}