{"id":597,"date":"2021-04-22T08:45:59","date_gmt":"2021-04-22T08:45:59","guid":{"rendered":"https:\/\/legna.com.mx\/?page_id=597"},"modified":"2021-04-22T09:08:54","modified_gmt":"2021-04-22T09:08:54","slug":"sobre-nosotros","status":"publish","type":"page","link":"https:\/\/legna.com.mx\/index.php\/sobre-nosotros\/","title":{"rendered":"Sobre Nosotros"},"content":{"rendered":"\t\t<div data-elementor-type=\"wp-page\" data-elementor-id=\"597\" class=\"elementor elementor-597\">\n\t\t\t\t\t\t\t\t\t<section class=\"elementor-section elementor-top-section elementor-element elementor-element-469d1e8e elementor-section-height-min-height elementor-section-boxed elementor-section-height-default elementor-section-items-middle\" data-id=\"469d1e8e\" data-element_type=\"section\" data-settings=\"{&quot;background_background&quot;:&quot;classic&quot;}\">\n\t\t\t\t\t\t\t<div class=\"elementor-background-overlay\"><\/div>\n\t\t\t\t\t\t\t<div class=\"elementor-container elementor-column-gap-default\">\n\t\t\t\t\t<div class=\"elementor-column elementor-col-100 elementor-top-column elementor-element elementor-element-1e4dd7cd\" data-id=\"1e4dd7cd\" data-element_type=\"column\">\n\t\t\t<div class=\"elementor-widget-wrap elementor-element-populated\">\n\t\t\t\t\t\t\t\t<div class=\"elementor-element elementor-element-10084073 elementor-widget elementor-widget-heading\" data-id=\"10084073\" data-element_type=\"widget\" data-widget_type=\"heading.default\">\n\t\t\t\t<div class=\"elementor-widget-container\">\n\t\t\t<h3 class=\"elementor-heading-title elementor-size-default\">Conoce sobre nuestra gran compa\u00f1\u00eda<\/h3>\t\t<\/div>\n\t\t\t\t<\/div>\n\t\t\t\t<div class=\"elementor-element elementor-element-4a475c48 elementor-widget elementor-widget-heading\" data-id=\"4a475c48\" data-element_type=\"widget\" data-widget_type=\"heading.default\">\n\t\t\t\t<div class=\"elementor-widget-container\">\n\t\t\t<h2 class=\"elementor-heading-title elementor-size-default\">Sobre Nosotros<\/h2>\t\t<\/div>\n\t\t\t\t<\/div>\n\t\t\t\t<section class=\"elementor-section elementor-inner-section elementor-element elementor-element-74b9cf44 elementor-section-boxed elementor-section-height-default elementor-section-height-default\" data-id=\"74b9cf44\" data-element_type=\"section\">\n\t\t\t\t\t\t<div class=\"elementor-container elementor-column-gap-default\">\n\t\t\t\t\t<div class=\"elementor-column elementor-col-50 elementor-inner-column elementor-element elementor-element-787e224b\" data-id=\"787e224b\" data-element_type=\"column\">\n\t\t\t<div class=\"elementor-widget-wrap elementor-element-populated\">\n\t\t\t\t\t\t\t\t<div class=\"elementor-element elementor-element-f1194ec elementor-widget elementor-widget-image\" data-id=\"f1194ec\" data-element_type=\"widget\" data-settings=\"{&quot;_animation&quot;:&quot;none&quot;}\" data-widget_type=\"image.default\">\n\t\t\t\t<div class=\"elementor-widget-container\">\n\t\t\t\t\t\t\t\t\t\t\t\t\t\t\t<img loading=\"lazy\" decoding=\"async\" width=\"1024\" height=\"674\" src=\"https:\/\/legna.com.mx\/wp-content\/uploads\/2021\/04\/Legna-1x-1024x674.png\" class=\"attachment-large size-large\" alt=\"\" srcset=\"https:\/\/legna.com.mx\/wp-content\/uploads\/2021\/04\/Legna-1x-1024x674.png 1024w, https:\/\/legna.com.mx\/wp-content\/uploads\/2021\/04\/Legna-1x-600x395.png 600w, https:\/\/legna.com.mx\/wp-content\/uploads\/2021\/04\/Legna-1x-300x197.png 300w, https:\/\/legna.com.mx\/wp-content\/uploads\/2021\/04\/Legna-1x-768x505.png 768w, https:\/\/legna.com.mx\/wp-content\/uploads\/2021\/04\/Legna-1x-1536x1010.png 1536w, https:\/\/legna.com.mx\/wp-content\/uploads\/2021\/04\/Legna-1x.png 1689w\" sizes=\"auto, (max-width: 1024px) 100vw, 1024px\" \/>\t\t\t\t\t\t\t\t\t\t\t\t\t\t\t<\/div>\n\t\t\t\t<\/div>\n\t\t\t\t\t<\/div>\n\t\t<\/div>\n\t\t\t\t<div class=\"elementor-column elementor-col-50 elementor-inner-column elementor-element elementor-element-67e71f8a\" data-id=\"67e71f8a\" data-element_type=\"column\">\n\t\t\t<div class=\"elementor-widget-wrap elementor-element-populated\">\n\t\t\t\t\t\t\t\t<div class=\"elementor-element elementor-element-51389df elementor-widget elementor-widget-heading\" data-id=\"51389df\" data-element_type=\"widget\" data-widget_type=\"heading.default\">\n\t\t\t\t<div class=\"elementor-widget-container\">\n\t\t\t<h4 class=\"elementor-heading-title elementor-size-default\">\u00bfQui\u00e9nes somos?<\/h4>\t\t<\/div>\n\t\t\t\t<\/div>\n\t\t\t\t<div class=\"elementor-element elementor-element-702ebb0d elementor-widget elementor-widget-text-editor\" data-id=\"702ebb0d\" data-element_type=\"widget\" data-widget_type=\"text-editor.default\">\n\t\t\t\t<div class=\"elementor-widget-container\">\n\t\t\t\t\t\t\t<p><span style=\"font-weight: 400;\">Somos una empresa mexicana dedicada a la venta y distribuci\u00f3n de productos especializados para limpieza industrial, de casa, comercios y escuelas.<\/span><\/p><p>\u00a0<\/p><p><span style=\"font-weight: 400;\">Creada en 1983 en la ciudad de Culiac\u00e1n, Sinaloa, iniciamos operaciones con la fabricaci\u00f3n de qu\u00edmicos de marca propia \u201cLegna\u201d y como distribuidor oficial de las marcas Kimberly Clark y Xibille.\u00a0\u00a0<\/span><\/p><p><span style=\"font-weight: 400;\">En el a\u00f1o de 1996, la empresa se constituy\u00f3 como persona moral tomando el nombre de \u201cSistemas de Limpieza Legna, S.A. de C.V.\u201d, incrementando sus \u00e1reas de atenci\u00f3n a clientes y venta.<\/span><\/p><p><span style=\"font-weight: 400;\">Para el a\u00f1o 2007, iniciamos operaciones con la primera sucursal fuera de Sinaloa, en la ciudad de Saltillo, Coahuila, abarcando la regi\u00f3n de Coahuila y Nuevo Le\u00f3n.\u00a0<\/span><\/p><p>\u00a0<\/p><p><span style=\"font-weight: 400;\">Actualmente la colocaci\u00f3n de nuestros productos comprende desde Guasave hasta la ciudad de Mazatl\u00e1n, en el estado de Sinaloa.\u00a0<\/span><\/p><p><span style=\"font-weight: 400;\">Somos distribuidores oficiales de 15 marcas con reconocimiento internacional y nacional, entre ellas: 3M, Kimberly Clark, Tork, El Castor, Masisa, Wiese y Jofel.\u00a0<\/span><\/p><p>\u00a0<\/p><p><span style=\"font-weight: 400;\">Somos una empresa en constante crecimiento, por lo que nuestra filosof\u00eda reside en la innovaci\u00f3n, buscando siempre actualizaciones en las l\u00edneas de nuestros productos para ofrecer marcas de la m\u00e1s alta calidad. De la misma manera nuestro personal cuenta con capacitaciones y certificaciones que nos permiten ofrecer una excelente atenci\u00f3n y asesor\u00eda a nuestros clientes sobre los equipos y productos, asegur\u00e1ndonos que cada cliente pueda aprovechar al m\u00e1ximo su rendimiento.<\/span><\/p>\t\t\t\t\t\t<\/div>\n\t\t\t\t<\/div>\n\t\t\t\t\t<\/div>\n\t\t<\/div>\n\t\t\t\t\t\t\t<\/div>\n\t\t<\/section>\n\t\t\t\t\t<\/div>\n\t\t<\/div>\n\t\t\t\t\t\t\t<\/div>\n\t\t<\/section>\n\t\t\t\t<section class=\"elementor-section elementor-top-section elementor-element elementor-element-c44be59 elementor-section-boxed elementor-section-height-default elementor-section-height-default\" data-id=\"c44be59\" data-element_type=\"section\" data-settings=\"{&quot;background_background&quot;:&quot;classic&quot;}\">\n\t\t\t\t\t\t<div class=\"elementor-container elementor-column-gap-default\">\n\t\t\t\t\t<div class=\"elementor-column elementor-col-100 elementor-top-column elementor-element elementor-element-ecfaddf\" data-id=\"ecfaddf\" data-element_type=\"column\">\n\t\t\t<div class=\"elementor-widget-wrap elementor-element-populated\">\n\t\t\t\t\t\t\t\t<div class=\"elementor-element elementor-element-1384727 elementor-headline--style-highlight elementor-widget elementor-widget-animated-headline\" data-id=\"1384727\" data-element_type=\"widget\" data-settings=\"{&quot;marker&quot;:&quot;underline&quot;,&quot;highlighted_text&quot;:&quot;grandiosos&quot;,&quot;headline_style&quot;:&quot;highlight&quot;,&quot;loop&quot;:&quot;yes&quot;,&quot;highlight_animation_duration&quot;:1200,&quot;highlight_iteration_delay&quot;:8000}\" data-widget_type=\"animated-headline.default\">\n\t\t\t\t<div class=\"elementor-widget-container\">\n\t\t\t\t\t<h3 class=\"elementor-headline\">\n\t\t\t\t\t<span class=\"elementor-headline-plain-text elementor-headline-text-wrapper\">Nuestros <\/span>\n\t\t\t\t<span class=\"elementor-headline-dynamic-wrapper elementor-headline-text-wrapper\">\n\t\t\t\t\t<span class=\"elementor-headline-dynamic-text elementor-headline-text-active\">grandiosos<\/span>\n\t\t\t\t<\/span>\n\t\t\t\t\t<span class=\"elementor-headline-plain-text elementor-headline-text-wrapper\">productos<\/span>\n\t\t\t\t\t<\/h3>\n\t\t\t\t<\/div>\n\t\t\t\t<\/div>\n\t\t\t\t<section class=\"elementor-section elementor-inner-section elementor-element elementor-element-1d315e0 elementor-section-boxed elementor-section-height-default elementor-section-height-default\" data-id=\"1d315e0\" data-element_type=\"section\">\n\t\t\t\t\t\t<div class=\"elementor-container elementor-column-gap-default\">\n\t\t\t\t\t<div class=\"elementor-column elementor-col-50 elementor-inner-column elementor-element elementor-element-386d202\" data-id=\"386d202\" data-element_type=\"column\">\n\t\t\t<div class=\"elementor-widget-wrap elementor-element-populated\">\n\t\t\t\t\t\t\t\t<div class=\"elementor-element elementor-element-adf4ad2 elementor-widget elementor-widget-text-editor\" data-id=\"adf4ad2\" data-element_type=\"widget\" data-widget_type=\"text-editor.default\">\n\t\t\t\t<div class=\"elementor-widget-container\">\n\t\t\t\t\t\t\t<p><span style=\"font-weight: 400;\">Entre nuestros principales productos se pueden encontrar:<\/span><\/p><ul><li style=\"font-weight: 400;\" aria-level=\"1\"><span style=\"font-weight: 400;\">Equipos industriales para limpieza (pulidoras, abrillantadoras, hidrolavadoras, barredoras, nebulizadores, sanitizantes,etc.)<\/span><\/li><li style=\"font-weight: 400;\" aria-level=\"1\"><span style=\"font-weight: 400;\">Qu\u00edmicos de limpieza industrial y casero, especiales para oficinas, empresas y comercios.<\/span><\/li><li style=\"font-weight: 400;\" aria-level=\"1\"><span style=\"font-weight: 400;\">Equipos de higiene como: despachadores de papel higi\u00e9nico, jaboneras, gel antibacterial, etc.<\/span><\/li><li style=\"font-weight: 400;\" aria-level=\"1\"><span style=\"font-weight: 400;\">Productos de jarcer\u00eda en general.\u00a0<\/span><\/li><li style=\"font-weight: 400;\" aria-level=\"1\"><span style=\"font-weight: 400;\">L\u00edneas diversas de cestos para basura.<\/span><\/li><\/ul>\t\t\t\t\t\t<\/div>\n\t\t\t\t<\/div>\n\t\t\t\t\t<\/div>\n\t\t<\/div>\n\t\t\t\t<div class=\"elementor-column elementor-col-50 elementor-inner-column elementor-element elementor-element-374746c\" data-id=\"374746c\" data-element_type=\"column\">\n\t\t\t<div class=\"elementor-widget-wrap\">\n\t\t\t\t\t\t\t\t\t<\/div>\n\t\t<\/div>\n\t\t\t\t\t\t\t<\/div>\n\t\t<\/section>\n\t\t\t\t\t<\/div>\n\t\t<\/div>\n\t\t\t\t\t\t\t<\/div>\n\t\t<\/section>\n\t\t\t\t<section class=\"elementor-section elementor-top-section elementor-element elementor-element-8367dba elementor-section-boxed elementor-section-height-default elementor-section-height-default\" data-id=\"8367dba\" data-element_type=\"section\">\n\t\t\t\t\t\t<div class=\"elementor-container elementor-column-gap-default\">\n\t\t\t\t\t<div class=\"elementor-column elementor-col-100 elementor-top-column elementor-element elementor-element-ee56df3\" data-id=\"ee56df3\" data-element_type=\"column\">\n\t\t\t<div class=\"elementor-widget-wrap elementor-element-populated\">\n\t\t\t\t\t\t\t\t<section class=\"elementor-section elementor-inner-section elementor-element elementor-element-3b63e2a elementor-section-boxed elementor-section-height-default elementor-section-height-default\" data-id=\"3b63e2a\" data-element_type=\"section\">\n\t\t\t\t\t\t<div class=\"elementor-container elementor-column-gap-default\">\n\t\t\t\t\t<div class=\"elementor-column elementor-col-50 elementor-inner-column elementor-element elementor-element-7ebcbd5\" data-id=\"7ebcbd5\" data-element_type=\"column\">\n\t\t\t<div class=\"elementor-widget-wrap elementor-element-populated\">\n\t\t\t\t\t\t\t\t<div class=\"elementor-element elementor-element-b23b1be elementor-widget elementor-widget-heading\" data-id=\"b23b1be\" data-element_type=\"widget\" data-widget_type=\"heading.default\">\n\t\t\t\t<div class=\"elementor-widget-container\">\n\t\t\t<h2 class=\"elementor-heading-title elementor-size-default\">Nuestra Visi\u00f3n<\/h2>\t\t<\/div>\n\t\t\t\t<\/div>\n\t\t\t\t\t<\/div>\n\t\t<\/div>\n\t\t\t\t<div class=\"elementor-column elementor-col-50 elementor-inner-column elementor-element elementor-element-063d928\" data-id=\"063d928\" data-element_type=\"column\">\n\t\t\t<div class=\"elementor-widget-wrap elementor-element-populated\">\n\t\t\t\t\t\t\t\t<div class=\"elementor-element elementor-element-d4daa2f elementor-widget elementor-widget-text-editor\" data-id=\"d4daa2f\" data-element_type=\"widget\" data-widget_type=\"text-editor.default\">\n\t\t\t\t<div class=\"elementor-widget-container\">\n\t\t\t\t\t\t\t<p><span style=\"font-weight: 400;\">Nuestra visi\u00f3n es constituirnos como una empresa de gente joven, con productos y servicios innovadores que ofrezcan a nuestros clientes productos que ayuden a mejorar la calidad de vida de las personas. <\/span><\/p>\t\t\t\t\t\t<\/div>\n\t\t\t\t<\/div>\n\t\t\t\t\t<\/div>\n\t\t<\/div>\n\t\t\t\t\t\t\t<\/div>\n\t\t<\/section>\n\t\t\t\t\t<\/div>\n\t\t<\/div>\n\t\t\t\t\t\t\t<\/div>\n\t\t<\/section>\n\t\t\t\t\t\t\t<\/div>\n\t\t","protected":false},"excerpt":{"rendered":"<p>Conoce sobre nuestra gran compa\u00f1\u00eda Sobre Nosotros \u00bfQui\u00e9nes somos? Somos una empresa mexicana dedicada a la venta y distribuci\u00f3n de productos especializados para limpieza industrial, de casa, comercios y escuelas. \u00a0 Creada en 1983 en la ciudad de Culiac\u00e1n, Sinaloa, iniciamos operaciones con la fabricaci\u00f3n de qu\u00edmicos de marca propia \u201cLegna\u201d y como distribuidor oficial &hellip;<\/p>\n<p class=\"read-more\"> <a class=\"\" href=\"https:\/\/legna.com.mx\/index.php\/sobre-nosotros\/\"> <span class=\"screen-reader-text\">Sobre Nosotros<\/span> Read More \u00bb<\/a><\/p>\n","protected":false},"author":2,"featured_media":0,"parent":0,"menu_order":0,"comment_status":"closed","ping_status":"closed","template":"","meta":{"site-sidebar-layout":"no-sidebar","site-content-layout":"page-builder","ast-main-header-display":"","ast-hfb-above-header-display":"","ast-hfb-below-header-display":"","ast-hfb-mobile-header-display":"","site-post-title":"disabled","ast-breadcrumbs-content":"","ast-featured-img":"disabled","footer-sml-layout":"","theme-transparent-header-meta":"default","adv-header-id-meta":"","stick-header-meta":"default","header-above-stick-meta":"","header-main-stick-meta":"","header-below-stick-meta":"","footnotes":""},"class_list":["post-597","page","type-page","status-publish","hentry"],"_links":{"self":[{"href":"https:\/\/legna.com.mx\/index.php\/wp-json\/wp\/v2\/pages\/597","targetHints":{"allow":["GET"]}}],"collection":[{"href":"https:\/\/legna.com.mx\/index.php\/wp-json\/wp\/v2\/pages"}],"about":[{"href":"https:\/\/legna.com.mx\/index.php\/wp-json\/wp\/v2\/types\/page"}],"author":[{"embeddable":true,"href":"https:\/\/legna.com.mx\/index.php\/wp-json\/wp\/v2\/users\/2"}],"replies":[{"embeddable":true,"href":"https:\/\/legna.com.mx\/index.php\/wp-json\/wp\/v2\/comments?post=597"}],"version-history":[{"count":37,"href":"https:\/\/legna.com.mx\/index.php\/wp-json\/wp\/v2\/pages\/597\/revisions"}],"predecessor-version":[{"id":660,"href":"https:\/\/legna.com.mx\/index.php\/wp-json\/wp\/v2\/pages\/597\/revisions\/660"}],"wp:attachment":[{"href":"https:\/\/legna.com.mx\/index.php\/wp-json\/wp\/v2\/media?parent=597"}],"curies":[{"name":"wp","href":"https:\/\/api.w.org\/{rel}","templated":true}]}}